 g?
2
Suppose -346 = -11*d + 1040. What is the highest common divisor of d and 28?
14
Let j be 3/5 + -2 + 164/10. Let w be (27*1)/(3/3). Let t = w - j. Calculate the greatest common divisor of 96 and t.
12
Let u = -23 - -71. Let n be (-118)/(-5) - 34/(-85). Calculate the highest common divisor of n and u.
24
Let u(y) = y - 11. Suppose 21 = i + 2*i. Let o be u(i). Let z = 7 + o. Calculate the greatest common divisor of z and 6.
3
Let v(n) = n**3 - 24*n**2 - 18*n + 32. Let h be v(25). Calculate the highest common divisor of 23 and h.
23
Let q be ((-3)/(-2))/((-6)/(-208)). Let i = 74 - q. What is the highest common divisor of 22 and i?
22
Suppose 66 - 77 = -i. What is the highest common divisor of i and 88?
11
Let t be (-1)/2*(-5 - 91). What is the greatest common factor of t and 32?
16
Suppose -8 = -w - w. Calculate the greatest common factor of w and 32.
4
Suppose 3*x - 22 = -5*l, -3 - 9 = -3*x - 3*l. Let c = x + 19. Let q be 1*-1 + 9 + 1. What is the highest common factor of c and q?
9
Suppose 7 = 3*c + 4*x - 3, 0 = -c - 3*x. Let v be (10/c)/((-2)/(-6)). Calculate the highest common factor of 40 and v.
5
Let k be (-3)/9 - 14/(-6). Suppose -2*s - k*s - 12 = 0. Let i = 7 + s. Calculate the greatest common factor of 32 and i.
4
Suppose 10*a + 36 = 13*a. Calculate the highest common factor of 48 and a.
12
Let o(v) = v**3 - 4*v**2 - 13*v + 3. Let t be o(10). What is the greatest common factor of 43 and t?
43
Let f = -128 + -51. Let g = f + 256. What is the highest common factor of g and 7?
7
Let z be 2/(2 - (3 + (-2 - 1))). What is the highest common divisor of 9 and z?
1
Let v(p) = -p**2 - p + 146. Let y be v(0). Suppose h - 94 = 4*o, 5*h - 3*o - 256 = y. What is the greatest common factor of h and 13?
13
Let y be 31/2 - 1/2. Calculate the greatest common divisor of 6 and y.
3
Let m be 1/((2/(-3))/(-2)). Suppose j + 94 = 5*j + 2*a, 3*j - 2*a - 74 = 0. What is the highest common factor of m and j?
3
Suppose 0 = -v + 5*v + 20. Let l = 6 + v. Let g be 1 + 81 + l + 1. Calculate the greatest common divisor of 12 and g.
12
Let d(z) = -z**3 - 16*z**2 + 12. Let x be d(-16). Calculate the greatest common divisor of 84 and x.
12
Let k(n) = -n**2 + 9*n + 5. Let j be k(9). Suppose -4*w - 16 - 198 = -5*m, -j*w - 5 = 0. What is the highest common divisor of 28 and m?
14
Suppose 3*w - 3*d = d + 75, d = -5*w + 102. Calculate the greatest common divisor of w and 7.
7
Suppose -4*f = -f - 15. Suppose 2*s - 12 = -2. Suppose -s*t + 5 = -5. Calculate the greatest common divisor of f and t.
1
Suppose 5*n + 5 = 4*s, 3*s = 5*n + 4*s + 30. Let f be -7 - n - 1*-38. Calculate the greatest common factor of 24 and f.
12
Let m = -4 - -3. Let y be (-3 - m)*(-9)/2. Let o be 5*(-1)/5*-18. What is the greatest common divisor of o and y?
9
Let h(n) = n**3 + 4*n**2 - 3*n + 5. Suppose -2*y = -3 + 11. Let g be h(y). Calculate the greatest common divisor of 102 and g.
17
Let t be 4086/24 + 1/8*6. Calculate the highest common divisor of t and 19.
19
Let m be (-7)/(1 + (-6 - -4)). Calculate the highest common divisor of 35 and m.
7
Suppose 21 = 3*q - 36. Let j(m) = -25*m**3 + m**2 - 3*m - 1. Let v be j(-2). What is the highest common factor of q and v?
19
Let d(u) = 57*u - 8. Let m(a) = 19*a - 3. Let c(o) = -6*d(o) + 17*m(o). Let s be c(3). Let h = s + 84. Calculate the greatest common divisor of h and 6.
6
Suppose -b = 4*r + 12, b + 0*b = -2*r - 10. Let f = -2 - b. What is the greatest common divisor of 4 and f?
2
Let s = 20 + -2. What is the greatest common divisor of s and 18?
18
Let o = -17 + 28. Let z = 0 + o. Let s be 54/3*z/2. Calculate the greatest common divisor of 11 and s.
11
Let x(j) = 0 + 113*j**2 + 8*j + 1 - 112*j**2. Let m be (1*-1 + -3)*2. Let l be x(m). Calculate the greatest common divisor of l and 2.
1
Let b = -20 + 22. Suppose -m = -4*d - 40, -38 = b*m - 5*d - 118. What is the highest common divisor of m and 20?
20
Let h = -6 + 11. Suppose 0 = h*j - 10*j + 255. What is the greatest common factor of j and 34?
17
Suppose 0*c - 4*c + 40 = 0. Let o(j) = j + 13. Let h be o(-8). Let y be (h + 135)*(-2)/(-4). What is the greatest common divisor of c and y?
10
Let i be 36/(-10) + (-2)/5. Let o(x) = x**2 + 3*x - 1. Let u be o(i). Suppose 2*w - u*v = 2*v + 3, -w + 9 = -v. What is the greatest common divisor of 56 and w?
14
Let i(o) = o**2 - 4*o. Let w be i(6). Suppose 18*y = 16*y + 216. What is the highest common factor of w and y?
12
Let i(n) = n**3 + 10*n**2 + 6*n + 19. Let l be i(-8). What is the highest common divisor of l and 9?
9
Let m = -77 + 180. Suppose -2*i + 7 + m = 0. What is the greatest common divisor of i and 11?
11
Let v be (1 - 3) + 0 - -5. Suppose -12 - v = -5*r. Let k be (-9)/(-6)*10/r. Calculate the greatest common factor of 40 and k.
5
Suppose j = -5, -2*x + 16 = 4*j - 356. Calculate the greatest common factor of x and 28.
28
Let s(j) = -j**3 + 8*j**2 - 7*j + 6. Let i be s(7). Let y be (2 - 2)*1*-1. Let u = 6 + y. What is the highest common factor of i and u?
6
Suppose -4*t + 577 = -t - 2*s, -3*t + 572 = -s. What is the greatest common factor of t and 21?
21
Suppose 6*s - 4*s + 12 = 0. Let v = s - -26. Suppose -4*o = -89 - 111. What is the highest common divisor of v and o?
10
Let m be 2 + (-6 + -1)*-1. Suppose k - 2*j = 2*j + 21, j = -3. Calculate the highest common divisor of m and k.
9
Let o(v) = -v**2 + 20*v + 33. Let k be o(21). What is the highest common divisor of k and 42?
6
Suppose 0 = 4*r - 31 - 33. Calculate the highest common divisor of 32 and r.
16
Let u(n) = 5*n + 8. Let r be u(11). What is the greatest common divisor of 21 and r?
21
Suppose 3*c = -0*c. Suppose x - 2 = -c. Let g be (-8)/10*20/(-8). Calculate the highest common divisor of x and g.
2
Suppose 2*r - 3*r = -8. Let b(j) = j**3 + 8*j**2 - 10*j + 8. Let t be b(-8). What is the highest common factor of t and r?
8
Let d be 32/7 - (-4 - (-75)/21). What is the greatest common divisor of d and 10?
5
Let x be 6/(-9) - 59/(-3). Let n be 3*x - (-12)/4. Calculate the greatest common factor of n and 12.
12
Let n(x) = -8*x - 14. Let r be n(-3). Calculate the highest common divisor of r and 90.
10
Let x(a) = -a + 19. Let r be x(10). Calculate the greatest common divisor of 45 and r.
9
Suppose -3*v - 5 = -356. Calculate the highest common divisor of 9 and v.
9
Suppose 85 = 3*k - 179. Suppose -7*z = -3*z - k. Suppose 7*v - 262 = -31. What is the highest common divisor of z and v?
11
Suppose -9*m - 4 = -10*m. What is the highest common factor of m and 1?
1
Let f = 4 - 3. Suppose 3*b = 9, z = 4*b - 3*b. Let p be z - (0 - 4/(-2)). What is the greatest common divisor of f and p?
1
Let z be (-9)/10*2*4*-5. What is the highest common factor of z and 90?
18
Suppose a + 0*a + 2*n + 25 = 0, -3*a + 2*n - 35 = 0. Let z = 21 - a. Suppose 4*g = 2*g + 8. What is the greatest common divisor of g and z?
4
Suppose 2*t = j, -5*t - 3*j = -14 + 3. Suppose 3*y + 2*y - 28 = -4*d, -2*y = -4*d. Suppose r + d*r = 12. What is the highest common factor of t and r?
1
Suppose -2*t + 0*x = -3*x - 17, 5*x + 25 = 3*t. What is the highest common divisor of t and 70?
10
Suppose -4*h = -100 - 16. Let f = h + -16. Calculate the greatest common factor of 65 and f.
13
Suppose -v - 15 = 52. Let s = -29 + v. Let f be (0 + s)/(10/(-15)). What is the highest common divisor of f and 18?
18
Suppose 6*h = 5*h + 23. Calculate the greatest common divisor of h and 184.
23
Suppose -2*y - 1 - 19 = m, m - 12 = 2*y. Let j = y + 25. Calculate the greatest common divisor of 34 and j.
17
Suppose -4*r + 7 = -3*u, 4*r - r + 4*u = -26. Let k be 2/12*r*-9. Let d(a) = 5*a - 8. Let n be d(7). Calculate the greatest common divisor of k and n.
3
Suppose 22 = 4*v - 2*l, -2*v + 5*l - 3*l = -6. Calculate the highest common divisor of v and 8.
8
Let b = 49 - -32. Calculate the highest common divisor of 9 and b.
9
Let i(g) = 2*g**2 - 12*g + 3. Let j be i(8). Calculate the highest common factor of 315 and j.
35
Let x(g) = -g**3 + 15*g**2 - 14*g + 11. Let f be x(14). What is the highest common factor of 1 and f?
1
Suppose 3*o + 12 = 6*o. Suppose 75 = 4*c + 5*s - 10*s, 0 = -o*c + s + 95. Calculate the greatest common divisor of 10 and c.
5
Let n = -58 - -110. What is the greatest common divisor of n and 130?
26
Let b(v) = 19*v - 52. Let y be b(10). What is the hig